= 0. Let d be -2 + (3 - 2)*u. Let g(z) = -3*z + z**2 + d*z + z + z**3 - 6. What is g(0)?
-6
Let h(o) = o**2 - 12*o + 1. Suppose -3*z - 21 = 41*a - 38*a, 0 = 3*a - 2*z - 14. Calculate h(a).
1
Let r(o) = -2*o**3 - 10*o**2 - 2*o + 2. Suppose -26*k = -29*k + 12. Let m(f) = 3*f**3 + 11*f**2 + 3*f - 2. Let g(y) = k*r(y) + 3*m(y). Determine g(7).
9
Let n be (33/(-11))/(6/(-64636)). Let v(k) = k**2 - n*k + 32322*k - 4 - 7. Determine v(-7).
10
Let r(s) = s**2 + 9*s - 124. Let l = -9141 - -9149. Give r(l).
12
Let q be 35/7 - (7/(-4))/((-39)/312). Let a(h) = -11*h - 4. Give a(q).
95
Let a(b) = -8*b + 2. Suppose 0 = 2*w + h + 90 - 89, h + 7 = 4*w. What is a(w)?
-6
Let n be 60/675*(-6)/(-64). Let h(l) be the third derivative of 0 + 1/8*l**4 + 4/3*l**3 + 7*l**2 - n*l**6 + 0*l - 2/15*l**5. Determine h(-8).
-16
Let z = 5505 - 5493. Let j(s) be the second derivative of -s**4/12 + 7*s**3/3 - 25*s**2/2 - s. Let m be j(z). Let v(i) = 2*i - 1. Calculate v(m).
-3
Let x(y) be the first derivative of 1/40*y**5 + 53/3*y**3 + 0*y + 0*y**2 - 26 + 5/24*y**4. Let b(g) be the third derivative of x(g). Calculate b(5).
20
Let x(o) be the first derivative of 5/3*o**3 + 0*o**2 + 74 + o. Let u be (-10 + 8)*2/4. What is x(u)?
6
Let f(b) be the third derivative of -b**5/15 + b**4/4 + 10*b**3/3 - 3260*b**2. Calculate f(-2).
-8
Let j(p) = 94*p - p**2 + 74*p + 1 - 239*p + 74*p. Let i be 6/4 + (-66)/(-12). Give j(i).
-27
Let x(b) be the third derivative of b**6/120 - b**5/10 - b**4/24 - b**3/3 - b**2. Suppose 52 - 1 = s + 5*t, 7*s + 3*t = 69. What is x(s)?
-8
Suppose 20*m = 37*m - 1054. Suppose 72*w = m*w - 70. Let c(b) = -b**3 - 7*b**2 - b - 5. Calculate c(w).
2
Let g(n) = -n**3 + n**2 + n - 37. Suppose -2*d + 16 = -x + 6, -5*d + 25 = -2*x. What is g(x)?
-37
Let j(m) = -m**2 - 7*m - 6. Let x be j(-4). Suppose p + 2*c = -7, -4*p + 2*c + x + 6 = 0. Let u(b) = b + 13*b**2 + p + 11*b**2 - 9*b**2. Determine u(-1).
15
Let w(g) = -7*g**2 + g - 1. Suppose 2*k - m = 40, 4*m + 7 = k - 6. Let l be 702/(-21) + 9/k. Let i = 34 + l. Give w(i).
-7
Let z(h) be the third derivative of h**5/60 + h**4/6 - 7*h**3/6 + 5*h**2 - 14*h. Let d be -5*(-2)/(-30)*9. Determine z(d).
-10
Suppose 4*k - 3 = 5*k. Let y(f) = 3*f + 16492 - f**3 - 163*f**2 + 162*f**2 - 16493. Calculate y(k).
8
Let d = 2834 - 2829. Let l(x) be the third derivative of x**6/120 - x**5/10 + x**4/24 + 5*x**3/6 - x**2. Calculate l(d).
-15
Let l(b) be the third derivative of b**5/60 + 7*b**4/24 - b**3/2 - 834*b**2. Suppose -3*p - p = -36. Let z be 6/5*(-60)/p. What is l(z)?
5
Let w(c) be the third derivative of -c**6/120 + c**5/15 - c**4/12 + c**3/2 - c**2. Let a = -37 - 14. Let v = -48 - a. What is w(v)?
6
Let l(j) be the first derivative of j**3/3 + 7*j**2/2 + 5*j - 5. Let r(i) = 11*i - 51. Let v be r(6). Suppose v*b + 77 = 4*b. Give l(b).
5
Let u be 3*(-6)/81*(-252)/42. Let k(j) be the second derivative of 1/12*j**4 + 0 + j**2 - u*j**3 - 8*j. What is k(6)?
-10
Let o(r) = 18*r**2 + r - 4. Let b be o(-2). Let t(v) = -v**3 + 68*v**2 + 3*v + 1 + 1 - 2 - b*v**2 - 3. Give t(2).
3
Let a(g) = 2*g**2 + 318080*g - 10 + 4 - 318098*g. What is a(14)?
134
Suppose -3*l = -4*l. Let n(m) = m**3 + m**2 + 2. Let y be n(l). Let a(g) = 4*g**2 - y*g - 1 - 5*g**2 + g. Give a(3).
-13
Let k(x) = x - 3. Let t = 10 - 31. Let n = 15 + t. Let u be ((-4)/6 + (-10)/n)*4. Calculate k(u).
1
Let g = -15653 - -15685. Let p(b) = 5*b**2 - 159*b - 30. Give p(g).
2
Let y(s) = s**3 + 6*s**2 - 7*s + 6. Suppose -3*h + 691 - 131 = 5*d, -h - 5 = 0. Let o = -115 + d. Let z = -7 + o. Give y(z).
6
Let z(v) = 13*v**2 + v. Let l(p) = 109*p**3 - p**2. Let y be l(1). Suppose 9*n - y = -0*n. Suppose -16*m = -n*m - 4. Give z(m).
14
Let f(b) be the third derivative of b**6/120 - 2*b**5/15 - b**4/4 - b**3/3 - 2*b**2. Let q = -70841 - -70850. Calculate f(q).
25
Let r(q) = 37*q + 31*q - 61*q - 8*q**2 + 5 + q**3. Let b(a) = a**2 - 15*a + 7. Let j be 238/16 + 1 + (-14)/16. Let z be b(j). Calculate r(z).
5
Let p be ((-6 - -3) + 3)/(2*-1). Suppose v + 3*n + 13 = p, -3*v = -0*v + n - 1. Suppose v*b = 9 + 5. Let m(h) = -h**2 + 6*h + 8. Calculate m(b).
1
Let d(n) be the second derivative of -n**3/2 + n**2/2 + n. Suppose 9*o + 759 = 777. Let p be d(o). Let h(q) = q**3 + 5*q**2 + 5*q + 6. What is h(p)?
-19
Let l(m) be the first derivative of -m**4/4 + 8*m**3/3 - 17*m**2/2 + 14*m + 9937. Determine l(7).
-56
Let n(u) = 35 - 10*u + 6*u + 32*u - 10*u - 20*u. Let r(t) = -t**2 - 9*t - 2. Let x be r(-6). What is n(x)?
3
Let f be 5*(4 - 70/25). Let a(z) = -z**3 - 357*z + 709*z - 3 - 358*z - f*z**2. What is a(-5)?
2
Suppose -20*o + 15*o = -25. Let p be (-36)/60 - (-13)/o. Let k(g) = -1 + g**3 - 3*g + g**2 + g**p + 0*g. Give k(-4).
-21
Let u(v) = -10*v - 19. Let d(t) = -t**2 - 27*t - 80. Let j be d(-24). Determine u(j).
61
Let a(d) = -37312*d + 75 - 17 + 37308*d. Calculate a(15).
-2
Let w be 5*((-6)/(-14) - 19/(-8645)*-377). Let v(x) = -x**3 + x. Let l(a) = -4*a**3 + 4*a - 1. Let i(o) = 2*l(o) - 6*v(o). Give i(w).
10
Let u(s) be the first derivative of 3*s**4/4 + s**3 + s**2 + 2*s + 94. Determine u(-3).
-58
Let d(f) = -f**3 + 3*f**2 + 4*f + 4. Let y be d(0). Let v(c) = -8 - 26 + y*c + 0*c + 15. Give v(5).
1
Let f(j) be the second derivative of -j**5/20 + j**4/12 + j**3/2 - 3*j**2/2 - 930*j. Determine f(2).
-1
Suppose 3*t = d + 19, -3*d = -10*t + 9*t + 9. Let i(z) = -6*z**3 - t*z**3 + 2*z**3 + 3 + 0*z**3 + 9*z**3. Let m(n) = -n**2 - n. Let h be m(-1). Give i(h).
3
Let s(b) be the third derivative of b**5/60 - 7*b**4/12 - 5*b**3/2 + 29*b**2 - 7. Determine s(13).
-28
Let f(b) = b**2 + b - 103. Suppose 1371 = -305*q - 1984. What is f(q)?
7
Let r = -52 - -89. Let a(n) = 74*n + 2*n**2 - 36*n - n**3 - r*n - 3. Calculate a(4).
-31
Let g(b) be the second derivative of 0 - 18*b - 4/3*b**3 - 1/2*b**2. Let s = 13 - 14. Determine g(s).
7
Suppose -5*a + 16 = 4*k - 31, -15 = -3*k + 3*a. Let r(b) = 9*b - 72. What is r(k)?
0
Suppose 0 = b + 5*a - 16, -21*b + 8 = -16*b + a. Let d(y) = 21*y**2 + 2*y - 3. What is d(b)?
20
Let x(p) = p**3 + 5*p**2 - p - 1. Let c be x(-5). Let a(l) = -l - 2 + c*l - l. Let j be -3 - (-6)/(-2)*-1*(-65)/(-39). Calculate a(j).
2
Let o = 15797 + -15809. Let j(v) = 7*v + 63. Give j(o).
-21
Let i(x) = -13*x**2 + 72*x**2 + 8 - 3*x**3 + x**2 + 7 - x. Determine i(20).
-5
Let n(l) be the first derivative of l**3/3 + 6*l**2 - 3*l + 1647. What is n(-12)?
-3
Let h be 4/5 + 45/(4725/(-14)). Let p(j) be the third derivative of 0 - h*j**3 + 7*j**2 + 1/30*j**5 + 0*j - 1/12*j**4. Calculate p(3).
8
Let y(p) = -395*p**2 + 134*p + 9. Let o(j) = -132*j**2 + 41*j + 3. Let v(q) = 13*o(q) - 4*y(q). Determine v(1).
-136
Suppose -2*v + 4 = 0, 0 = 4*f + v + 4*v - 18. Suppose 6*s + 32 = f*s. Let z = 5 + s. Let g(j) = -7*j + 2. Give g(z).
23
Suppose -46 = -10*c - 13*c. Suppose 5*j - 42 = 3*i - 6*i, 3*j - 5*i = -c. Let z(y) = -y**3 + 6*y**2 + 3. Calculate z(j).
3
Let x(t) be the third derivative of 0 + 0*t + 1/12*t**4 - 1/2*t**3 + 1/60*t**5 + t**2. Determine x(2).
5
Let q(c) be the third derivative of -4*c**2 + 0*c + 1/120*c**6 - 3/20*c**5 + 1/3*c**4 - 1/3*c**3 + 10. Give q(8).
-2
Let g(z) = z**2 + 2. Let u(p) = -12. Let m(x) = -x + 49. Let n(o) = 2*m(o) + 9*u(o). Suppose 0 = -f - 2*f - 12. Let v be n(f). Give g(v).
6
Let p(d) = 8*d. Suppose -5*t = -4*o - 81, -4*o - o = 5*t + 45. Let w be o/(-35) - (-24)/(-10). What is p(w)?
-16
Let z be (-8 + (-340)/(-40))/(2/(-60)). Let y(w) = w**2 + 18*w - 8. Let v(u) = -2*u**2 - 35*u + 16. Let x(a) = 3*v(a) + 5*y(a). Give x(z).
8
Suppose 2253*y - 147*y - 992 = 1114. Let u(n) = 3*n**2 - n + n**3 - 2*n**2 - 7*n**3. Determine u(y).
-6
Suppose 2*a + 9 = -u, 0 = 41*a - 46*a + 5*u + 15. Let m(q) = -14*q - 8. Calculate m(a).
20
Let n(h) = 4*h + 179. Let j(b) = b + 174. Let x(m) = 6*j(m) - 5*n(m). Determine x(11).
-5
Let m(h) be the first derivative of -h**3/3 - 3*h**2 + 5*h + 2. Let q be (-9)/5 - (10 + 240/(-50)). Determine m(q).
-2
Suppose 2*q - 14 = -33*d + 30*d, 2*d - 3*q - 18 = 0. Let m(k) be the second derivative of 1/2*k**2 - d*k - 1/2*k**3 + 0. What is m(6)?
-17
Let p(k) = -2*k**3 - 13*k**2 - 7*k - 13. Let r(g) = 35*g + 323. Let m be r(-9). Suppose 0 = -2*u - 4 - m. Calculate p(u).
-7
Let z(q) = -q**3 - 3*q**2 - q - 6. Let l(k) = k**3 - 9*k**2 - 6*k + 51. Let b(a) = a**3 - 8*a + 6. Let g be 